d 509736941?
5021
Calculate the greatest common factor of 184 and 5347270.
46
Calculate the highest common factor of 22672 and 620864.
1744
What is the greatest common factor of 122 and 544231874?
122
What is the greatest common divisor of 3856201 and 3505?
701
Calculate the greatest common factor of 1633710 and 19470.
1770
Calculate the greatest common factor of 336633 and 9542379.
3333
Calculate the greatest common factor of 176 and 94985022.
22
What is the greatest common factor of 44463730 and 30?
10
Calculate the greatest common factor of 2617692 and 13629.
231
What is the highest common divisor of 9536 and 13449336?
1192
Calculate the highest common divisor of 9 and 563382585.
9
What is the greatest common factor of 11752946 and 957?
29
What is the greatest common factor of 14860490 and 2224?
278
What is the greatest common factor of 65050 and 259393380?
13010
What is the greatest common divisor of 3351 and 14712?
3
What is the highest common divisor of 22687598 and 155?
31
Calculate the highest common factor of 268543 and 594.
11
Calculate the highest common factor of 2049100 and 65.
5
What is the greatest common factor of 646 and 65061754?
34
What is the highest common divisor of 73057701 and 2334?
1167
What is the highest common divisor of 291884957 and 273?
91
What is the highest common factor of 5093 and 2567554?
11
Calculate the highest common divisor of 20 and 20267480.
20
Calculate the highest common factor of 36 and 4564773.
9
Calculate the greatest common factor of 3655 and 2762449.
731
What is the highest common divisor of 138713841 and 63?
63
What is the greatest common divisor of 2856 and 5585622?
714
Calculate the greatest common divisor of 95135712 and 63.
21
Calculate the highest common factor of 17045 and 56980.
35
Calculate the highest common divisor of 418737059 and 533.
533
Calculate the greatest common factor of 2802 and 17093601.
1401
What is the greatest common divisor of 64 and 183189616?
16
Calculate the highest common divisor of 13141 and 271323.
773
Calculate the greatest common divisor of 118164 and 1464.
12
What is the greatest common factor of 6587952 and 42?
42
What is the greatest common divisor of 598 and 202423?
299
What is the greatest common divisor of 6120 and 496379736?
1224
What is the greatest common divisor of 3891 and 1666451747?
1297
What is the highest common factor of 552 and 5688107?
23
Calculate the greatest common factor of 52892 and 45836.
28
What is the greatest common factor of 65377 and 5057?
13
What is the greatest common factor of 448 and 66059644?
28
Calculate the highest common factor of 409164 and 168.
84
What is the highest common divisor of 313632 and 7728996?
1452
Calculate the greatest common divisor of 2058882 and 94.
94
Calculate the highest common divisor of 10 and 2727440.
10
Calculate the highest common factor of 34300 and 85505.
245
What is the highest common divisor of 100 and 16345?
5
What is the highest common factor of 31084444 and 16?
4
What is the greatest common divisor of 630 and 2644948530?
630
Calculate the highest common divisor of 208 and 1574032.
16
What is the highest common factor of 1920 and 117835?
5
Calculate the highest common factor of 172571885 and 97495.
5735
What is the highest common factor of 998257 and 2353?
13
Calculate the highest common factor of 65402604 and 2448.
612
What is the greatest common divisor of 8638798 and 514?
514
What is the highest common divisor of 8512 and 1888544?
224
Calculate the greatest common divisor of 14020 and 57225434.
1402
What is the highest common divisor of 22762758 and 94?
94
What is the highest common divisor of 24608 and 330496?
32
Calculate the highest common divisor of 1370 and 16099144.
274
Calculate the greatest common divisor of 12861654 and 156.
78
What is the highest common factor of 26 and 15531386?
26
What is the highest common factor of 107 and 19338217?
107
Calculate the highest common factor of 1810835 and 54080.
845
What is the highest common divisor of 131490 and 3512430?
270
What is the highest common factor of 90618 and 5676?
66
Calculate the greatest common factor of 23985 and 73954980.
1845
What is the highest common divisor of 17048542 and 22?
2
What is the greatest common divisor of 28949910 and 6600?
330
Calculate the highest common divisor of 18899089 and 1177.
1177
Calculate the greatest common divisor of 117 and 26376012.
117
Calculate the highest common factor of 2288248 and 103.
103
Calculate the greatest common factor of 118 and 17351.
1
Calculate the greatest common divisor of 57905967 and 693.
21
Calculate the greatest common divisor of 4958040 and 8216.
632
What is the highest common divisor of 32 and 19042832?
16
What is the greatest common factor of 154358 and 18758?
226
What is the highest common factor of 9946772 and 220?
44
Calculate the highest common factor of 203016224 and 32.
32
Calculate the greatest common divisor of 2097 and 19857891.
699
What is the greatest common divisor of 17066 and 510202?
14
What is the greatest common factor of 210 and 720301680?
210
Calculate the highest common divisor of 62208 and 27288.
72
Calculate the highest common divisor of 72 and 16551084.
12
What is the highest common factor of 4971122 and 58?
58
What is the greatest common factor of 320 and 1303717120?
320
Calculate the highest common divisor of 13347256 and 312.
104
What is the highest common factor of 24641499 and 12749?
1159
Calculate the greatest common factor of 1 and 63455969.
1
Calculate the greatest common divisor of 895 and 4031617.
179
Calculate the greatest common divisor of 724020 and 87340.
220
Calculate the highest common divisor of 244001714 and 1496.
374
Calculate the highest common factor of 504 and 33083736.
168
Calculate the highest common factor of 126108229 and 977.
977
Calculate the highest common factor of 70292002 and 9361.
253
What is the greatest common factor of 1585540 and 45595?
55
Calculate the highest common factor of 459 and 37680282.
27
What is the greatest common divisor of 16354272 and 17160?
264
What is the greatest common divisor of 31718932 and 8372?
644
What is the highest common divisor of 28194 and 890016?
762
Calculate the highest common factor of 39693078 and 243478.
3082
Calculate the greatest common factor of 7605822 and 21714.
1974
What is the greatest common factor of 9720986 and 66?
22
What is the highest common divisor of 2920 and 24936?
8
Calculate the greatest common factor of 14952 and 542451.
21
Calculate the highest common divisor of 97262 and 16126.
22
Calculate the greatest common factor of 163 and 305028257.
163
What is the highest common divisor of 29000 and 22094750?
250
Calculate the greatest common divisor of 23234946 and 52924.
262
Calculate the highest common factor of 678 and 861666.
6
Calculate the greatest common divisor of 101994 and 2886626.
178
What is the greatest common divisor of 8320 and 1291540?
20
What is the greatest common factor of 24002571 and 47?
47
Calculate the greatest common divisor of 2664040 and 20.
20
Calculate the highest common divisor of 22902 and 53031.
33
Calculate the highest common divisor of 10205225 and 45.
5
What is the greatest common factor of 3159 and 3333447?
351
Calculate the greatest common factor of 4105 and 4577896.
821
What is the greatest common factor of 3086928 and 102238?
3298
What is the greatest common factor of 1877416 and 75319?
109
Calculate the greatest common factor of 1557578040 and 240.
120
Calculate the greatest common divisor of 1049371 and 46603.
1607
What is the highest common divisor of 761974514 and 7?
7
Calculate the highest common divisor of 976 and 7574614.
122
Calculate the greatest common divisor of 42367147 and 1975.
79
Calculate the highest common factor of 256 and 40962432.
128
What is the highest common factor of 3588 and 2231892?
156
Calculate the highest common factor of 76171469 and 23.
23
Calculate the greatest common factor of 1393681266 and 369.
369
Calculate the highest common factor of 850935 and 465.
15
What is the greatest common divisor of 3509 and 977801?
121
What is the greatest common divisor of 227124480 and 1824?
1824
What is the greatest common divisor of 74 and 68103902?
74
What is the greatest common divisor of 185 and 392883131